-1
Calculate -1 - -3 - (-3 + -1 + 2).
4
Evaluate -3 + 3 - (-1 + 0 - -3).
-2
Evaluate 4 + (6 - (5 + 6) - 4).
-5
2 + 4 + 0 - 8 - 3
-5
What is the value of (2 - -2) + (3 - 6)?
1
Calculate (-3 - (-13 + 6)) + -5.
-1
(2 + (-2 - 3) - -3) + -3
-3
-4 + (5 - (7 - (-4 - -8)))
-2
Calculate (0 - -10) + (-20 - -3) + 12.
5
What is -8 + -4 + 9 - (8 - 3)?
-8
-1 - (0 + -2) - (23 - 25)
3
(0 - (3 - 3)) + 2 + -4
-2
What is the value of -1 + 2 - 10 - -4?
-5
What is the value of -3 - (29 + -13 - 11)?
-8
What is 1 + (-8 - (-5 - (3 + -4)))?
-3
What is the value of -36 + 37 + -3 + (1 - 3)?
-4
Calculate 3 + (-7 - -2) - (2 - 4).
0
2 - (4 + -6 + 0 + 7)
-3
Evaluate -3 - (6 - (6 + 4)).
1
Calculate (2 - 0 - (2 - -1)) + -4.
-5
Calculate 0 - 5 - (-14 - (3 + -14)).
-2
Evaluate -2 - 3 - (-5 - -2).
-2
What is 22 - 14 - (7 - (4 - 4))?
1
What is 10 + -5 + (2 - 2)?
5
4 + (-17 - -6) + 5 + 2
0
What is the value of -1 + 3 + (1 + 5 - 5)?
3
(-24 - -3) + (-59 - -71)
-9
What is (-3 - 3) + -3 + -3 + 5?
-7
What is the value of (0 - -3) + (-5 - -5)?
3
What is -11 - -8 - (-4 + 0)?
1
What is the value of 0 + (1 - (-1 + 3)) + 6?
5
What is -5 + (8 - 5 - -2)?
0
5 - (1 - (-6 - (-8 + 2)))
4
What is (0 - 1) + 5 + -8 + 1?
-3
Evaluate -12 - (-3 + (-8 - -8)).
-9
What is the value of -3 + 0 - (-3 - 9)?
9
Evaluate 3 + (-1 + -1 - (24 + -18)).
-5
Evaluate (-9 - -1) + -12 + 16.
-4
What is -12 + (22 - -6) + -10?
6
What is the value of (1 - (2 - 7)) + (-5 - -4)?
5
3 - (-1 + 0 + 2)
2
What is 19 + (7 - 18) - 10?
-2
What is the value of 8 + (-4 - -4) + -4?
4
Calculate (-3 - 0) + (10 - 9) - -4.
2
Calculate -1 - 5 - -5 - -4.
3
Calculate 10 + (9 + -4 - 8).
7
What is 1 + 2 + -6 + 2 + -3?
-4
What is the value of 8 + (-2 - (2 + -2) - 2)?
4
-13 + 13 - (0 - 1) - 5
-4
(-2 - 0) + 7 + -5 + -1
-1
Calculate -1 + -1 - (-11 - (9 - 22)).
-4
Calculate (0 - 1) + (9 - 7).
1
Evaluate (-7 - -19) + -6 - (0 - -4).
2
Evaluate 4 + 7 + -7 - (0 - -3).
1
Calculate -5 + 3 + (11 - 10).
-1
Evaluate 23 + -16 - (1 + 4).
2
3 - (6 - 4) - -3
4
What is the value of -2 + (15 + -10 - (1 + -2))?
4
Calculate -2 + 2 + 3 + -1.
2
Evaluate -7 + 1 + 0 - -2.
-4
What is the value of (-2 - 2) + -3 + (-5 - -12)?
0
(-1 - 1) + (11 - (4 - -4))
1
What is the value of -5 - (0 + 2 + (2 - 2))?
-7
What is 0 - (-3 - (2 + -2)) - 0?
3
What is (2 - -1) + 0 + 1 - -3?
7
What is the value of 0 - 0 - (1 - -4 - 8)?
3
What is -7 + (7 - 8) - -13?
5
Evaluate (4 - -3) + (-11 - (-15 + 5)).
6
Calculate 6 - (-11 + -3 + 28).
-8
10 + -18 + 0 + 0
-8
Evaluate -10 + 7 + (0 - 1) + 3.
-1
Evaluate -14 + 10 + (-2 + -1 - -7).
0
What is the value of -2 - (3 + (8 - 10))?
-3
0 + (1 - (3 + 1 + -6))
3
7 + -1 + -8 + -27 + 21
-8
What is the value of 4 + (-1 - -3) + -2?
4
Evaluate -8 + (-7 + 15 - -3).
3
Evaluate 39 + -42 + (0 - 0 - -4).
1
What is 10 + -6 + 6 - (7 + -1)?
4
What is 36 - 35 - (-1 - 2)?
4
-6 - (-1 - (2 - 7 - -16))
6
(2 - 0) + -2 + 10 + -15
-5
Evaluate -19 - -20 - (0 - -6) - -1.
-4
4 + -5 + 3 - 3
-1
Evaluate 0 - (3 + -9 + 1).
5
What is -1 - 0 - (2 + -7)?
4
Calculate -2 + (8 + -16 - -17).
7
What is -2 - ((0 - -5) + (-6 - -1))?
-2
2 - (2 - (4 + -11 - -3))
-4
Calculate (4 - (-10 + 9)) + (2 - 7).
0
What is -10 + (13 - 4) - -5?
4
Evaluate -1 - (4 - (7 + -3 - 3)).
-4
-27 - -22 - (-2 - -6)
-9
Evaluate (2 - (-5 - -12)) + 5 + 2.
2
6 - (-10 - -34 - 13)
-5
(1 - -7) + (-8 - -6)
6
Evaluate 4 + (-17 - -13) + 1.
1
Calculate -3 + 3 + 2 + -1 + -1.
0
Evaluate -1 - (2 + -10) - 8 - 7.
-8
15 + -6 + (1 - 0 - 5)
5
What is the value of -8 - ((-1 - -4) + -3 + 0)?
-8
What is the value of 3 + 0 + 1 + 1 + -5?
0
Evaluate (-1 - -2) + 5 + -15 + 14.
5
Evaluate -2 - (5 + 3 + -4).
-6
13 + -3 + 2 + -2 - 4
6
Calculate (-1 - (0 + 2)) + (4 - 5).
-4
What is (0 - -3) + 5 + -4 - 1?
3
What is the value of 3 + -2 + 0 - 3 - -4?
2
What is the value of -3 + -1 + (0 - -4)?
0
What is the value of (10 - 25 - -5) + 5 + -1?
-6
What is the value of 1 + -4 + 9 - 4?
2
What is -9 - (3 + (2 - 23))?
9
Calculate 1 + -1 - (14 - 10).
-4
What is the value of 7 - (5 + 3 - 7)?
6
What is the value of 9 - (-4 + 2 + 8)?
3
Evaluate 4 + -10 + 0 + (10 - -1).
5
0 + 26 + -27 + (-3 - 0)
-4
Evaluate 2 + -7 + (3 + -3 - -4).
-1
What is 3 - (9 + -4 + 3)?
-5
Evaluate (-1 - 1) + (4 - 1).
1
(-2 - (-5 + -2)) + -3
2
Evaluate 0 + (-1 - -3) + (2 - -1).
5
What is the value of 0 - 6 - (14 + -14)?
-6
What is the value of 0 + (0 - -1) - (-194 - -200)?
-5
Calculate -21 + (7 - 1) + 19.
4
What is the value of -12 + (-4 + 5 - -7)?
-4
Evaluate 2 + -2 + (-3 - (0 + -5)).
2
11 - ((5 - 4) + 5)
5
What is the value of -1 - (7 - 14) - 9?
-3
Evaluate -5 + -4 + 37 + -25.
3
Evaluate -6 - ((8 - 4) + -7).
-3
What is the value of 4 + 7 + -2 + -2?
7
-5 + -2 + 6 + 2 + 6
7
What is the value of (-15 - -13) + 2 + 0 + 2?
2
Calculate 9 + 4 - 14 - 9.
-10
What is the value of (8 - (4 + 5)) + -1?
-2
Calculate -13 - (-5 - (0 - -3)).
-5
1 + -3 + (-5 - -3) - 2
-6
(0 - 1) + 7 + -2
4
Calculate (-5 - (-1 - 5) - -1) + 6.
8
What is the value of (-1 - -4) + 2 + (-6 - 2)?
-3
What is the value of (6 - 3) + 4 - 12?
-5
What is the value of (3 + -10 - -3) + -1?
-5
0 - 2 - (2 + 0)
-4
What is 0 + (2 - (1 + 4))?
-3
0 - 4 - (1 - 3)
-2
Calculate -9 + 12 - 4 - -4.
3
What is 2 + 2 + (-5 - -3 - 7)?
-5
2 + -5 + -2 + 2 + 11
8
What is the value of 4 - (1 - (-5 + 0))?
-2
-22 + 13 + -3 + 6 + 4
-2
Calculate (1 - 1) + -1 + -3.
-4
-1 - (-3 - -1 - (0 - -1))
2
0 - (3 + (2 - 3 - -2))
-4
What is the value of -3 - 2 - (-11 + 1)?
5
Calculate (256 - 266) + 3 + (1 - 0).
-6
Calculate 1 - -3 - (9 - 6).
1
Evaluate 9 - 14 - (-1 - 3) - -2.
1
What is the value of (-3 - -5) + (-6 - 2 - -2)?
-4
What is the value of (-2 - -2) + -2 - 5?
-7
(-12 - 0 - 1) + (4 - -1)
-8
What is the value of 14 + -17 - (-2 + -2 + 1)?
0
1 + 5 + 2 + -12 + 12
8
Evaluate -3 - (4 + (-4 - 0)).
-3
What is 1 - (6 + 4 + -8)?
-1
What is -1 + 12 + (-3 - 2 - 2)?
4
3 + (3 + -15 - -4)
-5
What is the value of (-1 - (3 + -3)) + 4?
3
Calculate -4 + 1 + 0 + -2.
-5
What is -2 + -5 - -7 - -5?
5
What is 1 - -3 - (0 + 5 + -6)?
5
What is -3 + 3 + -5 + -1 + 6?
0
Evaluate (-7 - -4) + -3 + 0.
-6
What is -4 + 0 + (38 - 31)?
3
13 + -10 - (2 - -5)
-4
What is the value of -2 + 9 + 0 + 2 + -6?
3
Calculate 3 - 3 - (-12 + 2 + 10).
0
Calculate 8 + -17 - (2 - 8).
-3
Evaluate 5 + 0 - (49 + -50).
6
4 + -4 - (-6 - -9)
-3
Evaluate -1 + -4 + 0 + 3 + -2.
-4
Calculate (5 - -1) + -116 + 102.
-8
Evaluate (-3 - 3) + (8 - (2 + 5)).
-5
(4 - 7) + 1 + 1
-1
What is the value of 8 - 3 - (8 - -1)?
-4
4 + -5 + 4 + (4 - 4)
3
16 + -13 + (6 - 1)
8
What is (2 + 0 - 0) + 6 + -8?
0
What is (-4 - (-1 - -1) - -6) + -5?
-3
What is (2 - 2) + (2 + -4 - -4)?
2
Evaluate 6 - ((-23 - -8) + 12).
9
What is the value of (-9 - -5) + -2 + 2?
-4
Evaluate 33 + -38 - (1 + -6).
0
What is the value of (-2 + 3 - -3) + 0?
4
5 + -1 + 4 + (-6 - -2)
4
What is the value of -1 - (-1 + (-5 - -4 - -4))?
-3
0 - -4 - (79 + -79)
4
Evaluate -3 + -3 - (17 - 28).
5
What is -1 + 1 + (-10 - -18 - 12)?
-4
4 + 0 + -2 - 2
0
0 - (-7 - -4) - -1 - 8
-4
4 - 3 - ((-5 - -7) + 0)
-1
Evaluate -4 + 0 + (3 - -4) + -4.
-1
7 - 13 - 3 - -3
-6
Evaluate -2 - (7 - 22) - 7.
6
Evaluate 8 - (-5 - -9) - 2.
2
What is 5 + 12 + 11 + -20?
8
Calculate (0 - 0) + -8 + 6 + -1.
-3
What is the value of -2 + (-1 - -8) - (-7 - -10)?
2
Evaluate -1 + ((-12 - -4) + 4 - -8).
3
What is the value of (10 - 0) + -7 + -2?
1
What is the value of -8 + (9 - (13 + 3)) + 12?
-3
5 + -2 + -6 + -2
-5
What is the value of -4 - (6 + -6 + 3)?
-7
(-10 - -4) + 0 + 1
-5
What is (5 - 3) + (-8 - -3)?
-3
Calculate 1 - (3 - (-1 + 4)) - -3.
4
Calculate 3 + (6 - (-6 - -6 - -7)).
2
Calculate (0 - 3 - -10) + -3.
4
Calculate -3 + 0 - (-1 + 2 + -1).
-3
What is -2 + -3 + 2 - (11 - 16)?
2
Evaluate -3 + -4 + (4 - 2).
-5
What is 3 + (0 - (6 + -6))?
3
What is the value of (1 - 0 - -3) + -1?
3
Calculate (1 - -1) + -5 - 1 - -3.
-1
Calculate 4 + 4 + -13 - -4.
-1
What is (-1 - 0) + 7 - 5?
1
What is -7 - (-3 + (-6 - -6))?
-4
What is -5 - (-16 + (10 - 4)) - -2?
7
What is 0 + 0 + 1 + -71 + 75?
5
Calculate -3 + (7 + -2 - 2) + 1.
1
Evaluate (-7 - -3) + 8 + -2.
2
(-15 - -17) + 3 + 1
6
Calculate 5 - ((-3 - 1) + (5 - 0)).
4
What is (5 - 1 - 7) + -1?
-4
What is -1 + 0 - -5 - 0?
4
Calculate -2 + (-7 - -3) + 4.
-2
What is 4 + 1 + (3 + -3 - 2)?
3
Calculate 15 + -17 + (-3 - -2) + 0.
-3
What is the value of 0 + 1 + -18 + 18?
1
What is the value of -